{"id":1195,"date":"2024-09-29T20:37:48","date_gmt":"2024-09-30T00:37:48","guid":{"rendered":"https:\/\/espritpublic.com\/fantaisies\/?product=kort-co-lit-en-rond-42-noir-et-blanc-a-motif-tropical"},"modified":"2024-12-03T00:03:17","modified_gmt":"2024-12-03T05:03:17","slug":"kort-co-lit-en-rond-42-noir-et-blanc-a-motif-tropical","status":"publish","type":"product","link":"https:\/\/fantaisiescaninfelin.com\/?product=kort-co-lit-en-rond-42-noir-et-blanc-a-motif-tropical","title":{"rendered":"Kort &amp;CO lit en rond 42\u00a0\u2018\u2019 noir et blanc \u00e0 motif tropical"},"content":{"rendered":"<pre class=\"tw-data-text tw-text-large tw-ta\" data-placeholder=\"Traduction\" id=\"tw-target-text\" data-ved=\"2ahUKEwjc8bLwqemIAxVnF1kFHYN2EjcQ3ewLegQICBAU\" dir=\"ltr\" aria-label=\"Texte traduit\u00a0: Le lit pour animaux de compagnie Copa Cabana imprim\u00e9 \u00e0 rayures Palm de Kort and Co est cr\u00e9\u00e9 en pensant que les lits pour animaux de compagnie devraient \u00eatre une extension de la d\u00e9coration de notre maison qui compl\u00e8te les meubles que nous aimons et que nous avons \u00e0 l'int\u00e9rieur, tout en offrant confort et qualit\u00e9 \u00e0 nos animaux de compagnie. Le design Copa Cabana int\u00e8gre une rayure noire et blanche avec un superbe motif de feuille de palmier. Ce lit rond en forme de beignet offre du confort \u00e0 votre chien et l'aide \u00e0 se sentir en s\u00e9curit\u00e9 avec les murs qui l'entourent. Ce lit est d'un design et d'une qualit\u00e9 exceptionnels.\" style=\"font-size: 28px;line-height: 36px;background-color: transparent;border: none;padding: 2px 0.14em 2px 0px;position: relative;margin: -2px 0px;font-family: inherit;overflow: hidden;text-align: left;width: 270px;font-style: normal;font-weight: 400;letter-spacing: normal;text-indent: 0px;text-transform: none;text-decoration: none\"><span class=\"Y2IQFc\" lang=\"fr\">Le design Copa Cabana int\u00e8gre une rayure noire et blanche avec un superbe motif de feuille de palmier. Ce lit rond en forme de beignet offre du confort \u00e0 votre chien et l'aide \u00e0 se sentir en s\u00e9curit\u00e9 avec les murs qui l'entourent. Ce lit est d'un design et d'une qualit\u00e9 exceptionnels.<\/span><\/pre>\n<p><span class=\"Y2IQFc\" lang=\"fr\">Ce type de lit convient pour les gros chiens <\/span><\/p>\n","protected":false},"excerpt":{"rendered":"<p>Le design Copa Cabana int\u00e8gre une rayure noire et blanche avec un superbe motif de feuille de palmier. Ce lit&#8230;<\/p>\n","protected":false},"featured_media":1194,"comment_status":"open","ping_status":"closed","template":"","meta":{"advanced_seo_description":"","jetpack_seo_html_title":"","jetpack_seo_noindex":false},"product_brand":[],"product_cat":[39,15],"product_tag":[],"class_list":{"0":"post-1195","1":"product","2":"type-product","3":"status-publish","4":"has-post-thumbnail","6":"product_cat-mode-canine","7":"product_cat-uncategorized","9":"first","10":"instock","11":"taxable","12":"shipping-taxable","13":"purchasable","14":"product-type-simple"},"jetpack_sharing_enabled":true,"_links":{"self":[{"href":"https:\/\/fantaisiescaninfelin.com\/index.php?rest_route=\/wp\/v2\/product\/1195","targetHints":{"allow":["GET"]}}],"collection":[{"href":"https:\/\/fantaisiescaninfelin.com\/index.php?rest_route=\/wp\/v2\/product"}],"about":[{"href":"https:\/\/fantaisiescaninfelin.com\/index.php?rest_route=\/wp\/v2\/types\/product"}],"replies":[{"embeddable":true,"href":"https:\/\/fantaisiescaninfelin.com\/index.php?rest_route=%2Fwp%2Fv2%2Fcomments&post=1195"}],"wp:featuredmedia":[{"embeddable":true,"href":"https:\/\/fantaisiescaninfelin.com\/index.php?rest_route=\/wp\/v2\/media\/1194"}],"wp:attachment":[{"href":"https:\/\/fantaisiescaninfelin.com\/index.php?rest_route=%2Fwp%2Fv2%2Fmedia&parent=1195"}],"wp:term":[{"taxonomy":"product_brand","embeddable":true,"href":"https:\/\/fantaisiescaninfelin.com\/index.php?rest_route=%2Fwp%2Fv2%2Fproduct_brand&post=1195"},{"taxonomy":"product_cat","embeddable":true,"href":"https:\/\/fantaisiescaninfelin.com\/index.php?rest_route=%2Fwp%2Fv2%2Fproduct_cat&post=1195"},{"taxonomy":"product_tag","embeddable":true,"href":"https:\/\/fantaisiescaninfelin.com\/index.php?rest_route=%2Fwp%2Fv2%2Fproduct_tag&post=1195"}],"curies":[{"name":"wp","href":"https:\/\/api.w.org\/{rel}","templated":true}]}}