{"id":129,"date":"2024-09-03T08:36:48","date_gmt":"2024-09-03T12:36:48","guid":{"rendered":"https:\/\/fantaisies:8890\/?post_type=product&#038;p=129"},"modified":"2025-12-28T11:31:33","modified_gmt":"2025-12-28T16:31:33","slug":"go-peau-pelage-sains-recette-au-canard-avec-grains","status":"publish","type":"product","link":"https:\/\/fantaisiescaninfelin.com\/?product=go-peau-pelage-sains-recette-au-canard-avec-grains","title":{"rendered":"GO! Peau + pelage sains recette au canard avec grains"},"content":{"rendered":"<p><span style=\"font-family: Gotham, sans-serif;font-size: 16px;font-style: normal;font-weight: 400;letter-spacing: normal;text-align: start;text-indent: 0px;text-transform: none;text-decoration: none;float: none\">D\u00e9bordante d\u2019huiles om\u00e9ga pour aider \u00e0 maintenir une peau saine et un pelage brillant, cette recette Go! Solutions \u00e0 faire saliver est faite avec du canard de qualit\u00e9 sup\u00e9rieure \u00e9lev\u00e9 en libert\u00e9, avec l\u2019ajout d\u2019antioxydants provenant de fruits et de l\u00e9gumes pour aider \u00e0 soutenir la fonction immunitaire.<\/span><\/p>\n<p><span style=\"font-family: Gotham, sans-serif;font-size: 16px;font-style: normal;font-weight: 400;letter-spacing: normal;text-align: start;text-indent: 0px;text-transform: none;text-decoration: none;float: none\">format 22lbs<\/span><\/p>\n<p><span style=\"font-family: Gotham, sans-serif;font-size: 16px;font-style: normal;font-weight: 400;letter-spacing: normal;text-align: start;text-indent: 0px;text-transform: none;text-decoration: none;float: none\">Produit <\/span>fi\u00e8rement<span style=\"font-family: Gotham, sans-serif;font-size: 16px;font-style: normal;font-weight: 400;letter-spacing: normal;text-align: start;text-indent: 0px;text-transform: none;text-decoration: none;float: none\"> canadien <\/span><\/p>\n","protected":false},"excerpt":{"rendered":"<p>D\u00e9bordante d\u2019huiles om\u00e9ga pour aider \u00e0 maintenir une peau saine et un pelage brillant, cette recette Go! Solutions \u00e0 faire&#8230;<\/p>\n","protected":false},"featured_media":154,"comment_status":"open","ping_status":"closed","template":"","meta":{"advanced_seo_description":"","jetpack_seo_html_title":"","jetpack_seo_noindex":false},"product_brand":[],"product_cat":[26,27,16,28],"product_tag":[43],"class_list":{"0":"post-129","1":"product","2":"type-product","3":"status-publish","4":"has-post-thumbnail","6":"product_cat-go-solution","7":"product_cat-non-classe","8":"product_cat-nourriture","9":"product_cat-peau-pelage","10":"product_tag-noel","12":"first","13":"instock","14":"taxable","15":"shipping-taxable","16":"purchasable","17":"product-type-simple"},"jetpack_sharing_enabled":true,"_links":{"self":[{"href":"https:\/\/fantaisiescaninfelin.com\/index.php?rest_route=\/wp\/v2\/product\/129","targetHints":{"allow":["GET"]}}],"collection":[{"href":"https:\/\/fantaisiescaninfelin.com\/index.php?rest_route=\/wp\/v2\/product"}],"about":[{"href":"https:\/\/fantaisiescaninfelin.com\/index.php?rest_route=\/wp\/v2\/types\/product"}],"replies":[{"embeddable":true,"href":"https:\/\/fantaisiescaninfelin.com\/index.php?rest_route=%2Fwp%2Fv2%2Fcomments&post=129"}],"wp:featuredmedia":[{"embeddable":true,"href":"https:\/\/fantaisiescaninfelin.com\/index.php?rest_route=\/wp\/v2\/media\/154"}],"wp:attachment":[{"href":"https:\/\/fantaisiescaninfelin.com\/index.php?rest_route=%2Fwp%2Fv2%2Fmedia&parent=129"}],"wp:term":[{"taxonomy":"product_brand","embeddable":true,"href":"https:\/\/fantaisiescaninfelin.com\/index.php?rest_route=%2Fwp%2Fv2%2Fproduct_brand&post=129"},{"taxonomy":"product_cat","embeddable":true,"href":"https:\/\/fantaisiescaninfelin.com\/index.php?rest_route=%2Fwp%2Fv2%2Fproduct_cat&post=129"},{"taxonomy":"product_tag","embeddable":true,"href":"https:\/\/fantaisiescaninfelin.com\/index.php?rest_route=%2Fwp%2Fv2%2Fproduct_tag&post=129"}],"curies":[{"name":"wp","href":"https:\/\/api.w.org\/{rel}","templated":true}]}}