{"id":135,"date":"2024-09-03T08:36:48","date_gmt":"2024-09-03T12:36:48","guid":{"rendered":"https:\/\/fantaisies:8890\/?post_type=product&#038;p=135"},"modified":"2025-08-20T10:17:10","modified_gmt":"2025-08-20T14:17:10","slug":"go-gateries-pour-chiens-a-lagneau","status":"publish","type":"product","link":"https:\/\/fantaisiescaninfelin.com\/?product=go-gateries-pour-chiens-a-lagneau","title":{"rendered":"GO! G\u00c2TERIES POUR CHIENS \u00c0 L\u2019AGNEAU"},"content":{"rendered":"<p class=\"heroCopy_description__xgV7o\" style=\"margin: 30px 0px 16px;padding: 0px;border: 0px;font-size: 16px;line-height: 1.5em;font-weight: 400;font-family: Gotham, sans-serif;font-style: normal;letter-spacing: normal;text-align: start;text-indent: 0px;text-transform: none;text-decoration: none\">Les g\u00e2teries pour chiens tendres et moelleuses Go!&nbsp;Solutions Benefit Chews Skin&nbsp;+&nbsp;Coat Care sont faites avec des ingr\u00e9dients fonctionnels pour offrir une excellente nutrition et un go\u00fbt irr\u00e9sistible. Formul\u00e9es \u00e0 partir d\u2019ingr\u00e9dients suprarecycl\u00e9s de premi\u00e8re qualit\u00e9, ces g\u00e2teries pour chiens \u00e0 l\u2019agneau sont remplies d\u2019acides gras om\u00e9ga provenant de l\u2019huile de saumon et des graines de lin pour garder la peau de votre chien saine et son pelage soyeux et brillant.<span class=\"Apple-converted-space\">&nbsp;<\/span><\/p>\n<p class=\"heroCopy_packages__8RDH6\" style=\"margin: 0px 0px 20px;padding: 0px;border: 0px;font-size: 12px;line-height: 1.5;font-weight: 400;font-family: Gotham, sans-serif;font-style: normal;letter-spacing: normal;text-align: start;text-indent: 0px;text-transform: none;text-decoration: none\">Sac refermable de 6&nbsp;oz<\/p>\n<p class=\"heroCopy_packages__8RDH6\" style=\"margin: 0px 0px 20px;padding: 0px;border: 0px;font-size: 12px;line-height: 1.5;font-weight: 400;font-family: Gotham, sans-serif;font-style: normal;letter-spacing: normal;text-align: start;text-indent: 0px;text-transform: none;text-decoration: none\">Produit fi\u00e8rement canadien<\/p>\n","protected":false},"excerpt":{"rendered":"<p>Les g\u00e2teries pour chiens tendres et moelleuses Go!&nbsp;Solutions Benefit Chews Skin&nbsp;+&nbsp;Coat Care sont faites avec des ingr\u00e9dients fonctionnels pour offrir&#8230;<\/p>\n","protected":false},"featured_media":183,"comment_status":"open","ping_status":"closed","template":"","meta":{"advanced_seo_description":"","jetpack_seo_html_title":"","jetpack_seo_noindex":false},"product_brand":[],"product_cat":[18,26,27,28],"product_tag":[],"class_list":{"0":"post-135","1":"product","2":"type-product","3":"status-publish","4":"has-post-thumbnail","6":"product_cat-fine-gueule","7":"product_cat-go-solution","8":"product_cat-non-classe","9":"product_cat-peau-pelage","11":"first","12":"instock","13":"taxable","14":"shipping-taxable","15":"purchasable","16":"product-type-simple"},"jetpack_sharing_enabled":true,"_links":{"self":[{"href":"https:\/\/fantaisiescaninfelin.com\/index.php?rest_route=\/wp\/v2\/product\/135","targetHints":{"allow":["GET"]}}],"collection":[{"href":"https:\/\/fantaisiescaninfelin.com\/index.php?rest_route=\/wp\/v2\/product"}],"about":[{"href":"https:\/\/fantaisiescaninfelin.com\/index.php?rest_route=\/wp\/v2\/types\/product"}],"replies":[{"embeddable":true,"href":"https:\/\/fantaisiescaninfelin.com\/index.php?rest_route=%2Fwp%2Fv2%2Fcomments&post=135"}],"wp:featuredmedia":[{"embeddable":true,"href":"https:\/\/fantaisiescaninfelin.com\/index.php?rest_route=\/wp\/v2\/media\/183"}],"wp:attachment":[{"href":"https:\/\/fantaisiescaninfelin.com\/index.php?rest_route=%2Fwp%2Fv2%2Fmedia&parent=135"}],"wp:term":[{"taxonomy":"product_brand","embeddable":true,"href":"https:\/\/fantaisiescaninfelin.com\/index.php?rest_route=%2Fwp%2Fv2%2Fproduct_brand&post=135"},{"taxonomy":"product_cat","embeddable":true,"href":"https:\/\/fantaisiescaninfelin.com\/index.php?rest_route=%2Fwp%2Fv2%2Fproduct_cat&post=135"},{"taxonomy":"product_tag","embeddable":true,"href":"https:\/\/fantaisiescaninfelin.com\/index.php?rest_route=%2Fwp%2Fv2%2Fproduct_tag&post=135"}],"curies":[{"name":"wp","href":"https:\/\/api.w.org\/{rel}","templated":true}]}}