{"id":180,"date":"2024-09-03T08:37:10","date_gmt":"2024-09-03T12:37:10","guid":{"rendered":"https:\/\/fantaisies:8890\/?post_type=product&#038;p=180"},"modified":"2025-11-03T17:18:14","modified_gmt":"2025-11-03T22:18:14","slug":"oven-baked-tradition-nourriture-seme-humide-au-poulet-5lbs","status":"publish","type":"product","link":"https:\/\/fantaisiescaninfelin.com\/?product=oven-baked-tradition-nourriture-seme-humide-au-poulet-5lbs","title":{"rendered":"Oven Baked tradition nourriture sem\u00e9-humide au poulet 5lbs"},"content":{"rendered":"<ul>\n<li style=\"margin-top: 0rem;margin-bottom: 1rem\">Cette recette lentement cuite au four est faite d&rsquo;ingr\u00e9dients naturels et suppl\u00e9ment\u00e9s en vitamines et min\u00e9raux pour une meilleure biodisponibilit\u00e9 des nutriments.<\/li>\n<li style=\"margin-top: 0rem;margin-bottom: 1rem\">Faite de poulet frais d\u00e9soss\u00e9 comme premier ingr\u00e9dient.<\/li>\n<li style=\"margin-top: 0rem;margin-bottom: 1rem\">Elle contient des antioxydants naturels (Vitamine E, extrait de romarin), des sources naturelles d\u2019acides gras om\u00e9ga-3 et om\u00e9ga-6 pour une peau saine et un pelage et suppl\u00e9ment\u00e9 avec des sources naturelles de glucosamine et de chondro\u00eftine.<\/li>\n<li style=\"margin-top: 0rem;margin-bottom: 1rem\">Regorgeant de saveur, ce sera un festin id\u00e9al pour les chiens les plus difficiles.<\/li>\n<li style=\"margin-top: 0rem;margin-bottom: 1rem\">Cuit au four.<\/li>\n<li style=\"margin-top: 0rem;margin-bottom: 1rem\">Fabriqu\u00e9 au Qu\u00e9bec.<\/li>\n<\/ul>\n<p>Format 5lbs<\/p>\n","protected":false},"excerpt":{"rendered":"<p>Cette recette lentement cuite au four est faite d&rsquo;ingr\u00e9dients naturels et suppl\u00e9ment\u00e9s en vitamines et min\u00e9raux pour une meilleure biodisponibilit\u00e9&#8230;<\/p>\n","protected":false},"featured_media":226,"comment_status":"open","ping_status":"closed","template":"","meta":{"advanced_seo_description":"","jetpack_seo_html_title":"","jetpack_seo_noindex":false},"product_brand":[],"product_cat":[27,16,31],"product_tag":[],"class_list":{"0":"post-180","1":"product","2":"type-product","3":"status-publish","4":"has-post-thumbnail","6":"product_cat-non-classe","7":"product_cat-nourriture","8":"product_cat-oven-baked-tradition","10":"first","11":"instock","12":"taxable","13":"shipping-taxable","14":"purchasable","15":"product-type-simple"},"jetpack_sharing_enabled":true,"_links":{"self":[{"href":"https:\/\/fantaisiescaninfelin.com\/index.php?rest_route=\/wp\/v2\/product\/180","targetHints":{"allow":["GET"]}}],"collection":[{"href":"https:\/\/fantaisiescaninfelin.com\/index.php?rest_route=\/wp\/v2\/product"}],"about":[{"href":"https:\/\/fantaisiescaninfelin.com\/index.php?rest_route=\/wp\/v2\/types\/product"}],"replies":[{"embeddable":true,"href":"https:\/\/fantaisiescaninfelin.com\/index.php?rest_route=%2Fwp%2Fv2%2Fcomments&post=180"}],"wp:featuredmedia":[{"embeddable":true,"href":"https:\/\/fantaisiescaninfelin.com\/index.php?rest_route=\/wp\/v2\/media\/226"}],"wp:attachment":[{"href":"https:\/\/fantaisiescaninfelin.com\/index.php?rest_route=%2Fwp%2Fv2%2Fmedia&parent=180"}],"wp:term":[{"taxonomy":"product_brand","embeddable":true,"href":"https:\/\/fantaisiescaninfelin.com\/index.php?rest_route=%2Fwp%2Fv2%2Fproduct_brand&post=180"},{"taxonomy":"product_cat","embeddable":true,"href":"https:\/\/fantaisiescaninfelin.com\/index.php?rest_route=%2Fwp%2Fv2%2Fproduct_cat&post=180"},{"taxonomy":"product_tag","embeddable":true,"href":"https:\/\/fantaisiescaninfelin.com\/index.php?rest_route=%2Fwp%2Fv2%2Fproduct_tag&post=180"}],"curies":[{"name":"wp","href":"https:\/\/api.w.org\/{rel}","templated":true}]}}