{"id":1868,"date":"2024-11-09T16:05:37","date_gmt":"2024-11-09T21:05:37","guid":{"rendered":"https:\/\/fantaisiescaninfelin.com\/?post_type=product&#038;p=1868"},"modified":"2025-12-03T15:23:36","modified_gmt":"2025-12-03T20:23:36","slug":"livstrong-fromage-dhimalayen-infuse-au-pain-depices","status":"publish","type":"product","link":"https:\/\/fantaisiescaninfelin.com\/?product=livstrong-fromage-dhimalayen-infuse-au-pain-depices","title":{"rendered":"Livstrong fromage d&rsquo;himalayen infus\u00e9 au pain d&rsquo;\u00e9pices"},"content":{"rendered":"<p>Offrez une s\u00e9ance de mastication pour votre chien pour stimuler le mental. Les produits \u00e0 m\u00e2cher de yak sont fabriqu\u00e9s \u00e0 partir d&rsquo;une recette himalayenne au N\u00e9pal et offrent aux chiens une option de mastication enti\u00e8rement naturelle avec des ingr\u00e9dients limit\u00e9s et sans conservation.<\/p>\n<p>Astuce: Il vous reste un petit morceau ? Mettez le 45 sec au micro-ondes . Laissez le refroidir compl\u00e8tement et donnez \u00e0 votre chien une friandise croustillante maison.<\/p>\n<p>Toujours avoir une supervision et de l&rsquo;eau lors des s\u00e9ances de mastication <\/p>\n<p>Ces fromages \u00e0 m\u00e2cher sont conseill\u00e9 pour les grands m\u00e2cheur <\/p>\n","protected":false},"excerpt":{"rendered":"<p>Offrez une s\u00e9ance de mastication pour votre chien pour stimuler le mental. Les produits \u00e0 m\u00e2cher de yak sont fabriqu\u00e9s&#8230;<\/p>\n","protected":false},"featured_media":1872,"comment_status":"open","ping_status":"closed","template":"","meta":{"advanced_seo_description":"","jetpack_seo_html_title":"","jetpack_seo_noindex":false},"product_brand":[],"product_cat":[30,15],"product_tag":[43],"class_list":{"0":"post-1868","1":"product","2":"type-product","3":"status-publish","4":"has-post-thumbnail","6":"product_cat-mastication","7":"product_cat-uncategorized","8":"product_tag-noel","10":"first","11":"instock","12":"taxable","13":"shipping-taxable","14":"purchasable","15":"product-type-variable","16":"has-default-attributes"},"jetpack_sharing_enabled":true,"_links":{"self":[{"href":"https:\/\/fantaisiescaninfelin.com\/index.php?rest_route=\/wp\/v2\/product\/1868","targetHints":{"allow":["GET"]}}],"collection":[{"href":"https:\/\/fantaisiescaninfelin.com\/index.php?rest_route=\/wp\/v2\/product"}],"about":[{"href":"https:\/\/fantaisiescaninfelin.com\/index.php?rest_route=\/wp\/v2\/types\/product"}],"replies":[{"embeddable":true,"href":"https:\/\/fantaisiescaninfelin.com\/index.php?rest_route=%2Fwp%2Fv2%2Fcomments&post=1868"}],"wp:featuredmedia":[{"embeddable":true,"href":"https:\/\/fantaisiescaninfelin.com\/index.php?rest_route=\/wp\/v2\/media\/1872"}],"wp:attachment":[{"href":"https:\/\/fantaisiescaninfelin.com\/index.php?rest_route=%2Fwp%2Fv2%2Fmedia&parent=1868"}],"wp:term":[{"taxonomy":"product_brand","embeddable":true,"href":"https:\/\/fantaisiescaninfelin.com\/index.php?rest_route=%2Fwp%2Fv2%2Fproduct_brand&post=1868"},{"taxonomy":"product_cat","embeddable":true,"href":"https:\/\/fantaisiescaninfelin.com\/index.php?rest_route=%2Fwp%2Fv2%2Fproduct_cat&post=1868"},{"taxonomy":"product_tag","embeddable":true,"href":"https:\/\/fantaisiescaninfelin.com\/index.php?rest_route=%2Fwp%2Fv2%2Fproduct_tag&post=1868"}],"curies":[{"name":"wp","href":"https:\/\/api.w.org\/{rel}","templated":true}]}}