{"id":1878,"date":"2024-11-10T21:10:40","date_gmt":"2024-11-11T02:10:40","guid":{"rendered":"https:\/\/fantaisiescaninfelin.com\/?product=oven-baked-tradition-nourriture-seche-pour-chien-de-petite-race-capra-chevre-4-lb"},"modified":"2025-10-23T19:14:35","modified_gmt":"2025-10-23T23:14:35","slug":"oven-baked-tradition-nourriture-seche-pour-chien-de-petite-race-capra-chevre-4-lb","status":"publish","type":"product","link":"https:\/\/fantaisiescaninfelin.com\/?product=oven-baked-tradition-nourriture-seche-pour-chien-de-petite-race-capra-chevre-4-lb","title":{"rendered":"Oven Baked Tradition Nourriture S\u00e8che Pour Chien De Petite Race &#8211; Capra, Ch\u00e8vre 4 Lb"},"content":{"rendered":"<ul>\n<li style=\"margin-top: 0rem;margin-bottom: 1rem\">Nourriture compl\u00e8te pour chien adulte. Recette sans grains avec ch\u00e8vre.<\/li>\n<li style=\"margin-top: 0rem;margin-bottom: 1rem\">Cuit lentement au four avec de la viande de ch\u00e8vre.<\/li>\n<li style=\"margin-top: 0rem;margin-bottom: 1rem\">Nouvelle exp\u00e9rience olfactive.<\/li>\n<li style=\"margin-top: 0rem;margin-bottom: 1rem\">Excellente source de prot\u00e9ines hautement digestibles et maigres comparativement aux autres viandes.<\/li>\n<li style=\"margin-top: 0rem;margin-bottom: 1rem\">Faible impact environnemental comparativement aux autres animaux.<\/li>\n<li style=\"margin-top: 0rem;margin-bottom: 1rem\">Cuit au four.<\/li>\n<li style=\"margin-top: 0rem;margin-bottom: 1rem\">\u269c\ufe0f Fabriqu\u00e9 au Qu\u00e9bec.<\/li>\n<\/ul>\n<p>Les chiens au museau fin vont bien adorer la ch\u00e8vre !<\/p>\n","protected":false},"excerpt":{"rendered":"<p>Nourriture compl\u00e8te pour chien adulte. Recette sans grains avec ch\u00e8vre. Cuit lentement au four avec de la viande de ch\u00e8vre&#8230;.<\/p>\n","protected":false},"featured_media":1891,"comment_status":"open","ping_status":"closed","template":"","meta":{"advanced_seo_description":"","jetpack_seo_html_title":"","jetpack_seo_noindex":false},"product_brand":[],"product_cat":[16,31,15],"product_tag":[],"class_list":{"0":"post-1878","1":"product","2":"type-product","3":"status-publish","4":"has-post-thumbnail","6":"product_cat-nourriture","7":"product_cat-oven-baked-tradition","8":"product_cat-uncategorized","10":"first","11":"instock","12":"taxable","13":"shipping-taxable","14":"purchasable","15":"product-type-simple"},"jetpack_sharing_enabled":true,"_links":{"self":[{"href":"https:\/\/fantaisiescaninfelin.com\/index.php?rest_route=\/wp\/v2\/product\/1878","targetHints":{"allow":["GET"]}}],"collection":[{"href":"https:\/\/fantaisiescaninfelin.com\/index.php?rest_route=\/wp\/v2\/product"}],"about":[{"href":"https:\/\/fantaisiescaninfelin.com\/index.php?rest_route=\/wp\/v2\/types\/product"}],"replies":[{"embeddable":true,"href":"https:\/\/fantaisiescaninfelin.com\/index.php?rest_route=%2Fwp%2Fv2%2Fcomments&post=1878"}],"wp:featuredmedia":[{"embeddable":true,"href":"https:\/\/fantaisiescaninfelin.com\/index.php?rest_route=\/wp\/v2\/media\/1891"}],"wp:attachment":[{"href":"https:\/\/fantaisiescaninfelin.com\/index.php?rest_route=%2Fwp%2Fv2%2Fmedia&parent=1878"}],"wp:term":[{"taxonomy":"product_brand","embeddable":true,"href":"https:\/\/fantaisiescaninfelin.com\/index.php?rest_route=%2Fwp%2Fv2%2Fproduct_brand&post=1878"},{"taxonomy":"product_cat","embeddable":true,"href":"https:\/\/fantaisiescaninfelin.com\/index.php?rest_route=%2Fwp%2Fv2%2Fproduct_cat&post=1878"},{"taxonomy":"product_tag","embeddable":true,"href":"https:\/\/fantaisiescaninfelin.com\/index.php?rest_route=%2Fwp%2Fv2%2Fproduct_tag&post=1878"}],"curies":[{"name":"wp","href":"https:\/\/api.w.org\/{rel}","templated":true}]}}