{"id":2019,"date":"2024-12-04T19:21:59","date_gmt":"2024-12-05T00:21:59","guid":{"rendered":"https:\/\/fantaisiescaninfelin.com\/?product=jouet-pere-noel"},"modified":"2025-12-03T12:00:14","modified_gmt":"2025-12-03T17:00:14","slug":"jouet-pere-noel","status":"publish","type":"product","link":"https:\/\/fantaisiescaninfelin.com\/?product=jouet-pere-noel","title":{"rendered":"Jouet p\u00e8re No\u00ebl"},"content":{"rendered":"<p>Jouet amusant th\u00e9matique p\u00e8re No\u00ebl ! Belle grande grosseur pour que votre petit se prom\u00e8ne partout dans la maison avec lui ! Votre chien va se faire un nouvel ami avec son squik amusant<\/p>\n<p>Jouet en polyester<\/p>\n","protected":false},"excerpt":{"rendered":"<p>Jouet amusant th\u00e9matique p\u00e8re No\u00ebl ! Belle grande grosseur pour que votre petit se prom\u00e8ne partout dans la maison avec&#8230;<\/p>\n","protected":false},"featured_media":2018,"comment_status":"open","ping_status":"closed","template":"","meta":{"advanced_seo_description":"","jetpack_seo_html_title":"","jetpack_seo_noindex":false},"product_brand":[],"product_cat":[15],"product_tag":[43],"class_list":{"0":"post-2019","1":"product","2":"type-product","3":"status-publish","4":"has-post-thumbnail","6":"product_cat-uncategorized","7":"product_tag-noel","9":"first","10":"instock","11":"taxable","12":"shipping-taxable","13":"purchasable","14":"product-type-simple"},"jetpack_sharing_enabled":true,"_links":{"self":[{"href":"https:\/\/fantaisiescaninfelin.com\/index.php?rest_route=\/wp\/v2\/product\/2019","targetHints":{"allow":["GET"]}}],"collection":[{"href":"https:\/\/fantaisiescaninfelin.com\/index.php?rest_route=\/wp\/v2\/product"}],"about":[{"href":"https:\/\/fantaisiescaninfelin.com\/index.php?rest_route=\/wp\/v2\/types\/product"}],"replies":[{"embeddable":true,"href":"https:\/\/fantaisiescaninfelin.com\/index.php?rest_route=%2Fwp%2Fv2%2Fcomments&post=2019"}],"wp:featuredmedia":[{"embeddable":true,"href":"https:\/\/fantaisiescaninfelin.com\/index.php?rest_route=\/wp\/v2\/media\/2018"}],"wp:attachment":[{"href":"https:\/\/fantaisiescaninfelin.com\/index.php?rest_route=%2Fwp%2Fv2%2Fmedia&parent=2019"}],"wp:term":[{"taxonomy":"product_brand","embeddable":true,"href":"https:\/\/fantaisiescaninfelin.com\/index.php?rest_route=%2Fwp%2Fv2%2Fproduct_brand&post=2019"},{"taxonomy":"product_cat","embeddable":true,"href":"https:\/\/fantaisiescaninfelin.com\/index.php?rest_route=%2Fwp%2Fv2%2Fproduct_cat&post=2019"},{"taxonomy":"product_tag","embeddable":true,"href":"https:\/\/fantaisiescaninfelin.com\/index.php?rest_route=%2Fwp%2Fv2%2Fproduct_tag&post=2019"}],"curies":[{"name":"wp","href":"https:\/\/api.w.org\/{rel}","templated":true}]}}