{"id":2414,"date":"2025-04-12T19:43:08","date_gmt":"2025-04-12T23:43:08","guid":{"rendered":"https:\/\/fantaisiescaninfelin.com\/?product=oven-baked-tradition-nourriture-seche-sans-grains-pour-chien-peau-et-estomac-poisson-20-lb"},"modified":"2025-10-24T18:06:58","modified_gmt":"2025-10-24T22:06:58","slug":"oven-baked-tradition-nourriture-seche-sans-grains-pour-chien-peau-et-estomac-poisson-20-lb","status":"publish","type":"product","link":"https:\/\/fantaisiescaninfelin.com\/?product=oven-baked-tradition-nourriture-seche-sans-grains-pour-chien-peau-et-estomac-poisson-20-lb","title":{"rendered":"Oven Baked Tradition Nourriture S\u00e8che Sans Grains Pour Chien \/ Peau Et Estomac &#8211; Poisson 20 Lb"},"content":{"rendered":"<p>**** Produit en pr\u00e9commande ******<\/p>\n<ul>\n<li style=\"margin-top: 0rem;margin-bottom: 1rem\">La nouvelle gamme SOIN de Oven-Baked Tradition a \u00e9t\u00e9 formul\u00e9e pour r\u00e9pondre \u00e0 des besoins sp\u00e9cifiques.<\/li>\n<li style=\"margin-top: 0rem;margin-bottom: 1rem\">Cette formule pour chiens adultes est un aliment complet, pour soutenir la sant\u00e9 digestive ainsi que la peau et le pelage.<\/li>\n<li style=\"margin-top: 0rem;margin-bottom: 1rem\">Aide \u00e0 r\u00e9duire l&rsquo;inflammation intestinale gr\u00e2ce \u00e0 l&rsquo;utilisation de z\u00e9olite naturelle.<\/li>\n<li style=\"margin-top: 0rem;margin-bottom: 1rem\">Contribue \u00e0 soutenir le syst\u00e8me immunitaire et la microflore intestinale de l&rsquo;animal gr\u00e2ce \u00e0 l&rsquo;utilisation de post-biotiques.<\/li>\n<li style=\"margin-top: 0rem;margin-bottom: 1rem\">Recette de hareng et de saumon frais, une bonne source naturelle d&rsquo;om\u00e9ga-3, pour aider le pelage \u00e0 briller et r\u00e9duire l&rsquo;inflammation.<\/li>\n<li style=\"margin-top: 0rem;margin-bottom: 1rem\">Ajout de Vitamine C et DHA pour une sant\u00e9 optimale de la peau et du pelage.<\/li>\n<\/ul>\n<p>Format disponible 20 lbs<\/p>\n<p>\u269c\ufe0f Produit fi\u00e8rement qu\u00e9b\u00e9cois<\/p>\n","protected":false},"excerpt":{"rendered":"<p>**** Produit en pr\u00e9commande ****** La nouvelle gamme SOIN de Oven-Baked Tradition a \u00e9t\u00e9 formul\u00e9e pour r\u00e9pondre \u00e0 des besoins&#8230;<\/p>\n","protected":false},"featured_media":2413,"comment_status":"open","ping_status":"closed","template":"","meta":{"advanced_seo_description":"","jetpack_seo_html_title":"","jetpack_seo_noindex":false},"product_brand":[],"product_cat":[16,31,28,15],"product_tag":[43],"class_list":{"0":"post-2414","1":"product","2":"type-product","3":"status-publish","4":"has-post-thumbnail","6":"product_cat-nourriture","7":"product_cat-oven-baked-tradition","8":"product_cat-peau-pelage","9":"product_cat-uncategorized","10":"product_tag-noel","12":"first","13":"instock","14":"taxable","15":"shipping-taxable","16":"purchasable","17":"product-type-simple"},"jetpack_sharing_enabled":true,"_links":{"self":[{"href":"https:\/\/fantaisiescaninfelin.com\/index.php?rest_route=\/wp\/v2\/product\/2414","targetHints":{"allow":["GET"]}}],"collection":[{"href":"https:\/\/fantaisiescaninfelin.com\/index.php?rest_route=\/wp\/v2\/product"}],"about":[{"href":"https:\/\/fantaisiescaninfelin.com\/index.php?rest_route=\/wp\/v2\/types\/product"}],"replies":[{"embeddable":true,"href":"https:\/\/fantaisiescaninfelin.com\/index.php?rest_route=%2Fwp%2Fv2%2Fcomments&post=2414"}],"wp:featuredmedia":[{"embeddable":true,"href":"https:\/\/fantaisiescaninfelin.com\/index.php?rest_route=\/wp\/v2\/media\/2413"}],"wp:attachment":[{"href":"https:\/\/fantaisiescaninfelin.com\/index.php?rest_route=%2Fwp%2Fv2%2Fmedia&parent=2414"}],"wp:term":[{"taxonomy":"product_brand","embeddable":true,"href":"https:\/\/fantaisiescaninfelin.com\/index.php?rest_route=%2Fwp%2Fv2%2Fproduct_brand&post=2414"},{"taxonomy":"product_cat","embeddable":true,"href":"https:\/\/fantaisiescaninfelin.com\/index.php?rest_route=%2Fwp%2Fv2%2Fproduct_cat&post=2414"},{"taxonomy":"product_tag","embeddable":true,"href":"https:\/\/fantaisiescaninfelin.com\/index.php?rest_route=%2Fwp%2Fv2%2Fproduct_tag&post=2414"}],"curies":[{"name":"wp","href":"https:\/\/api.w.org\/{rel}","templated":true}]}}