{"id":2420,"date":"2025-04-13T07:07:38","date_gmt":"2025-04-13T11:07:38","guid":{"rendered":"https:\/\/fantaisiescaninfelin.com\/?product=oven-baked-tradition-nourriture-seche-sans-grains-pour-chien-de-petite-race-peau-et-estomac-poisson-10lbs"},"modified":"2025-08-25T13:47:41","modified_gmt":"2025-08-25T17:47:41","slug":"oven-baked-tradition-nourriture-seche-sans-grains-pour-chien-de-petite-race-peau-et-estomac-poisson-10lbs","status":"publish","type":"product","link":"https:\/\/fantaisiescaninfelin.com\/?product=oven-baked-tradition-nourriture-seche-sans-grains-pour-chien-de-petite-race-peau-et-estomac-poisson-10lbs","title":{"rendered":"Oven Baked Tradition Nourriture S\u00e8che Sans Grains Pour Chien De Petite Race \/ Peau Et Estomac &#8211; Poisson 10lbs"},"content":{"rendered":"<ul>\n<li style=\"margin-top: 0rem;margin-bottom: 1rem\">La nouvelle gamme SOIN de Oven-Baked Tradition a \u00e9t\u00e9 formul\u00e9e pour r\u00e9pondre \u00e0 des besoins sp\u00e9cifiques.<\/li>\n<li style=\"margin-top: 0rem;margin-bottom: 1rem\">Cette formule pour chiens adultes est un aliment complet, pour soutenir la sant\u00e9 digestive ainsi que la peau et le pelage.<\/li>\n<li style=\"margin-top: 0rem;margin-bottom: 1rem\">Aide \u00e0 r\u00e9duire l&rsquo;inflammation intestinale gr\u00e2ce \u00e0 l&rsquo;utilisation de z\u00e9olite naturelle.<\/li>\n<li style=\"margin-top: 0rem;margin-bottom: 1rem\">Contribue \u00e0 soutenir le syst\u00e8me immunitaire et la microflore intestinale de l&rsquo;animal gr\u00e2ce \u00e0 l&rsquo;utilisation de post-biotiques.<\/li>\n<li style=\"margin-top: 0rem;margin-bottom: 1rem\">Recette de hareng et de saumon frais, une bonne source naturelle d&rsquo;om\u00e9ga-3, pour aider le pelage \u00e0 briller et r\u00e9duire l&rsquo;inflammation.<\/li>\n<li style=\"margin-top: 0rem;margin-bottom: 1rem\">Ajout de Vitamine C et DHA pour une sant\u00e9 optimale de la peau et du pelage.<\/li>\n<\/ul>\n<p>Format disponible 10 lbs<\/p>\n<p>\u269c\ufe0f Produit fi\u00e8rement qu\u00e9b\u00e9cois<\/p>\n","protected":false},"excerpt":{"rendered":"<p>La nouvelle gamme SOIN de Oven-Baked Tradition a \u00e9t\u00e9 formul\u00e9e pour r\u00e9pondre \u00e0 des besoins sp\u00e9cifiques. Cette formule pour chiens&#8230;<\/p>\n","protected":false},"featured_media":2419,"comment_status":"open","ping_status":"closed","template":"","meta":{"advanced_seo_description":"","jetpack_seo_html_title":"","jetpack_seo_noindex":false},"product_brand":[],"product_cat":[16,31,28,15],"product_tag":[],"class_list":{"0":"post-2420","1":"product","2":"type-product","3":"status-publish","4":"has-post-thumbnail","6":"product_cat-nourriture","7":"product_cat-oven-baked-tradition","8":"product_cat-peau-pelage","9":"product_cat-uncategorized","11":"first","12":"instock","13":"taxable","14":"shipping-taxable","15":"purchasable","16":"product-type-simple"},"jetpack_sharing_enabled":true,"_links":{"self":[{"href":"https:\/\/fantaisiescaninfelin.com\/index.php?rest_route=\/wp\/v2\/product\/2420","targetHints":{"allow":["GET"]}}],"collection":[{"href":"https:\/\/fantaisiescaninfelin.com\/index.php?rest_route=\/wp\/v2\/product"}],"about":[{"href":"https:\/\/fantaisiescaninfelin.com\/index.php?rest_route=\/wp\/v2\/types\/product"}],"replies":[{"embeddable":true,"href":"https:\/\/fantaisiescaninfelin.com\/index.php?rest_route=%2Fwp%2Fv2%2Fcomments&post=2420"}],"wp:featuredmedia":[{"embeddable":true,"href":"https:\/\/fantaisiescaninfelin.com\/index.php?rest_route=\/wp\/v2\/media\/2419"}],"wp:attachment":[{"href":"https:\/\/fantaisiescaninfelin.com\/index.php?rest_route=%2Fwp%2Fv2%2Fmedia&parent=2420"}],"wp:term":[{"taxonomy":"product_brand","embeddable":true,"href":"https:\/\/fantaisiescaninfelin.com\/index.php?rest_route=%2Fwp%2Fv2%2Fproduct_brand&post=2420"},{"taxonomy":"product_cat","embeddable":true,"href":"https:\/\/fantaisiescaninfelin.com\/index.php?rest_route=%2Fwp%2Fv2%2Fproduct_cat&post=2420"},{"taxonomy":"product_tag","embeddable":true,"href":"https:\/\/fantaisiescaninfelin.com\/index.php?rest_route=%2Fwp%2Fv2%2Fproduct_tag&post=2420"}],"curies":[{"name":"wp","href":"https:\/\/api.w.org\/{rel}","templated":true}]}}