{"id":2530,"date":"2025-08-25T20:46:57","date_gmt":"2025-08-26T00:46:57","guid":{"rendered":"https:\/\/fantaisiescaninfelin.com\/?product=crumps-naturals-gateries-pour-chien-venaison-seche-au-chia-158g"},"modified":"2025-10-24T17:39:16","modified_gmt":"2025-10-24T21:39:16","slug":"crumps-naturals-gateries-pour-chien-venaison-seche-au-chia-158g","status":"publish","type":"product","link":"https:\/\/fantaisiescaninfelin.com\/?product=crumps-naturals-gateries-pour-chien-venaison-seche-au-chia-158g","title":{"rendered":"Crumps&rsquo; Naturals G\u00e2teries Pour Chien, Venaison S\u00e9ch\u00e9 Au Chia 158g"},"content":{"rendered":"<ul style=\"margin-top: 0rem;margin-bottom: 2.5rem;font-family: Lexend,\">\n<li style=\"margin-top: 0rem;margin-bottom: 1rem\">Faites plaisir \u00e0 votre animal de compagnie avec le jerky de Venaison infus\u00e9 aux graines de chia de Crumps&rsquo; : une g\u00e2terie \u00e0 base de viande savoureuse de premi\u00e8re qualit\u00e9 et b\u00e9n\u00e9fique pour la sant\u00e9.<\/li>\n<li style=\"margin-top: 0rem;margin-bottom: 1rem\">Fabriqu\u00e9es \u00e0 partir de chevreuil de haute qualit\u00e9, ces g\u00e2teries sont hypoallerg\u00e9niques et regorgent de prot\u00e9ines pour le d\u00e9veloppement musculaire. Elles contiennent \u00e9galement des graines de chia, des superaliments riches en antioxydants et en acides gras essentiels om\u00e9ga-3.<\/li>\n<li style=\"margin-top: 0rem;margin-bottom: 1rem\">Fabriqu\u00e9es sans colorants, ar\u00f4mes ou conservateurs artificiels, ces friandises sont un choix sans culpabilit\u00e9 pour dresser ou r\u00e9compenser votre chien.<\/li>\n<\/ul>\n<p><strong>INGR\u00c9DIENTS: <\/strong><\/p>\n<ul style=\"margin-top: 0rem;margin-bottom: 2.5rem;font-family: Lexend,\">\n<li style=\"margin-top: 0rem;margin-bottom: 1rem\">Venaison, patate douce, farine de pois chiches, glyc\u00e9rine v\u00e9g\u00e9tale, graines de chia, gomme de guar, extrait de romarin.<\/li>\n<\/ul>\n<p>\ud83c\udde8\ud83c\udde6 Produit fi\u00e8rement canadien<\/p>\n","protected":false},"excerpt":{"rendered":"<p>Faites plaisir \u00e0 votre animal de compagnie avec le jerky de Venaison infus\u00e9 aux graines de chia de Crumps&rsquo; :&#8230;<\/p>\n","protected":false},"featured_media":2529,"comment_status":"open","ping_status":"closed","template":"","meta":{"advanced_seo_description":"","jetpack_seo_html_title":"","jetpack_seo_noindex":false},"product_brand":[],"product_cat":[18],"product_tag":[],"class_list":{"0":"post-2530","1":"product","2":"type-product","3":"status-publish","4":"has-post-thumbnail","6":"product_cat-fine-gueule","8":"first","9":"instock","10":"taxable","11":"shipping-taxable","12":"purchasable","13":"product-type-simple"},"jetpack_sharing_enabled":true,"_links":{"self":[{"href":"https:\/\/fantaisiescaninfelin.com\/index.php?rest_route=\/wp\/v2\/product\/2530","targetHints":{"allow":["GET"]}}],"collection":[{"href":"https:\/\/fantaisiescaninfelin.com\/index.php?rest_route=\/wp\/v2\/product"}],"about":[{"href":"https:\/\/fantaisiescaninfelin.com\/index.php?rest_route=\/wp\/v2\/types\/product"}],"replies":[{"embeddable":true,"href":"https:\/\/fantaisiescaninfelin.com\/index.php?rest_route=%2Fwp%2Fv2%2Fcomments&post=2530"}],"wp:featuredmedia":[{"embeddable":true,"href":"https:\/\/fantaisiescaninfelin.com\/index.php?rest_route=\/wp\/v2\/media\/2529"}],"wp:attachment":[{"href":"https:\/\/fantaisiescaninfelin.com\/index.php?rest_route=%2Fwp%2Fv2%2Fmedia&parent=2530"}],"wp:term":[{"taxonomy":"product_brand","embeddable":true,"href":"https:\/\/fantaisiescaninfelin.com\/index.php?rest_route=%2Fwp%2Fv2%2Fproduct_brand&post=2530"},{"taxonomy":"product_cat","embeddable":true,"href":"https:\/\/fantaisiescaninfelin.com\/index.php?rest_route=%2Fwp%2Fv2%2Fproduct_cat&post=2530"},{"taxonomy":"product_tag","embeddable":true,"href":"https:\/\/fantaisiescaninfelin.com\/index.php?rest_route=%2Fwp%2Fv2%2Fproduct_tag&post=2530"}],"curies":[{"name":"wp","href":"https:\/\/api.w.org\/{rel}","templated":true}]}}