{"id":49,"date":"2024-09-03T08:35:38","date_gmt":"2024-09-03T12:35:38","guid":{"rendered":"https:\/\/fantaisies:8890\/?post_type=product&#038;p=49"},"modified":"2026-05-02T11:19:09","modified_gmt":"2026-05-02T15:19:09","slug":"summit-range-rotisserie","status":"publish","type":"product","link":"https:\/\/fantaisiescaninfelin.com\/?product=summit-range-rotisserie","title":{"rendered":"Summit Range Rotisserie"},"content":{"rendered":"<p>Enfin une nourriture pour chiens qui vous satisfait, vous et votre compagnon \u00e0 quatre pattes ! La recette Range Rotisserie de Summit offre une solution pratique aux parents d&rsquo;animaux de compagnie tr\u00e8s occup\u00e9s qui souhaitent offrir une alimentation \u00e9quilibr\u00e9e et nutritive. Compos\u00e9e de farine de poulet, de farine de dinde et d&rsquo;huiles om\u00e9ga pour une peau et un pelage sains, notre nourriture pour animaux de compagnie ne contient aucun sous-produit, bl\u00e9, ma\u00efs, soja ou agent de conservation artificiel. Faites confiance \u00e0 Summit pour offrir un repas d\u00e9licieux que vous pouvez donner \u00e0 votre chien en toute s\u00e9r\u00e9nit\u00e9.<\/p>\n<p>Nourriture \u00e9conomique et fi\u00e8rement canadienne<\/p>\n","protected":false},"excerpt":{"rendered":"<p>Enfin une nourriture pour chiens qui vous satisfait, vous et votre compagnon \u00e0 quatre pattes ! La recette Range Rotisserie&#8230;<\/p>\n","protected":false},"featured_media":86,"comment_status":"open","ping_status":"closed","template":"","meta":{"advanced_seo_description":"","jetpack_seo_html_title":"","jetpack_seo_noindex":false},"product_brand":[],"product_cat":[16],"product_tag":[],"class_list":{"0":"post-49","1":"product","2":"type-product","3":"status-publish","4":"has-post-thumbnail","6":"product_cat-nourriture","8":"first","9":"outofstock","10":"taxable","11":"shipping-taxable","12":"purchasable","13":"product-type-simple"},"jetpack_sharing_enabled":true,"_links":{"self":[{"href":"https:\/\/fantaisiescaninfelin.com\/index.php?rest_route=\/wp\/v2\/product\/49","targetHints":{"allow":["GET"]}}],"collection":[{"href":"https:\/\/fantaisiescaninfelin.com\/index.php?rest_route=\/wp\/v2\/product"}],"about":[{"href":"https:\/\/fantaisiescaninfelin.com\/index.php?rest_route=\/wp\/v2\/types\/product"}],"replies":[{"embeddable":true,"href":"https:\/\/fantaisiescaninfelin.com\/index.php?rest_route=%2Fwp%2Fv2%2Fcomments&post=49"}],"wp:featuredmedia":[{"embeddable":true,"href":"https:\/\/fantaisiescaninfelin.com\/index.php?rest_route=\/wp\/v2\/media\/86"}],"wp:attachment":[{"href":"https:\/\/fantaisiescaninfelin.com\/index.php?rest_route=%2Fwp%2Fv2%2Fmedia&parent=49"}],"wp:term":[{"taxonomy":"product_brand","embeddable":true,"href":"https:\/\/fantaisiescaninfelin.com\/index.php?rest_route=%2Fwp%2Fv2%2Fproduct_brand&post=49"},{"taxonomy":"product_cat","embeddable":true,"href":"https:\/\/fantaisiescaninfelin.com\/index.php?rest_route=%2Fwp%2Fv2%2Fproduct_cat&post=49"},{"taxonomy":"product_tag","embeddable":true,"href":"https:\/\/fantaisiescaninfelin.com\/index.php?rest_route=%2Fwp%2Fv2%2Fproduct_tag&post=49"}],"curies":[{"name":"wp","href":"https:\/\/api.w.org\/{rel}","templated":true}]}}