{"id":657,"date":"2024-09-15T21:10:53","date_gmt":"2024-09-16T01:10:53","guid":{"rendered":"https:\/\/fantaisies:8890\/?post_type=product&#038;p=657"},"modified":"2025-12-04T12:36:29","modified_gmt":"2025-12-04T17:36:29","slug":"legacy-formule-poisson-2","status":"publish","type":"product","link":"https:\/\/fantaisiescaninfelin.com\/?product=legacy-formule-poisson-2","title":{"rendered":"Legacy formule poisson 11,4kg"},"content":{"rendered":"<ul>\n<li>Formules Toutes \u00c9tapes De Vie Avec M\u00e9langes De Prot\u00e9ines<\/li>\n<li>Formules \u00e9lev\u00e9es en prot\u00e9ines animales et balanc\u00e9es avec des fruits et l\u00e9gumes frais.<\/li>\n<li>Les plus hauts niveaux de pr\u00e9biotiques et probiotiques dans l\u2019industrie afin d\u2019optimiser la sant\u00e9 digestive<\/li>\n<li>Ajout de colostrum pour renforcer l&rsquo;immunit\u00e9 et la d\u00e9fense anti-inflammatoire<\/li>\n<\/ul>\n<p>Compagnie fi\u00e8rement canadienne<\/p>\n","protected":false},"excerpt":{"rendered":"<p>Formules Toutes \u00c9tapes De Vie Avec M\u00e9langes De Prot\u00e9ines Formules \u00e9lev\u00e9es en prot\u00e9ines animales et balanc\u00e9es avec des fruits et&#8230;<\/p>\n","protected":false},"featured_media":83,"comment_status":"open","ping_status":"closed","template":"","meta":{"advanced_seo_description":"","jetpack_seo_html_title":"","jetpack_seo_noindex":false},"product_brand":[],"product_cat":[16],"product_tag":[43],"class_list":{"0":"post-657","1":"product","2":"type-product","3":"status-publish","4":"has-post-thumbnail","6":"product_cat-nourriture","7":"product_tag-noel","9":"first","10":"instock","11":"taxable","12":"shipping-taxable","13":"purchasable","14":"product-type-simple"},"jetpack_sharing_enabled":true,"_links":{"self":[{"href":"https:\/\/fantaisiescaninfelin.com\/index.php?rest_route=\/wp\/v2\/product\/657","targetHints":{"allow":["GET"]}}],"collection":[{"href":"https:\/\/fantaisiescaninfelin.com\/index.php?rest_route=\/wp\/v2\/product"}],"about":[{"href":"https:\/\/fantaisiescaninfelin.com\/index.php?rest_route=\/wp\/v2\/types\/product"}],"replies":[{"embeddable":true,"href":"https:\/\/fantaisiescaninfelin.com\/index.php?rest_route=%2Fwp%2Fv2%2Fcomments&post=657"}],"wp:featuredmedia":[{"embeddable":true,"href":"https:\/\/fantaisiescaninfelin.com\/index.php?rest_route=\/wp\/v2\/media\/83"}],"wp:attachment":[{"href":"https:\/\/fantaisiescaninfelin.com\/index.php?rest_route=%2Fwp%2Fv2%2Fmedia&parent=657"}],"wp:term":[{"taxonomy":"product_brand","embeddable":true,"href":"https:\/\/fantaisiescaninfelin.com\/index.php?rest_route=%2Fwp%2Fv2%2Fproduct_brand&post=657"},{"taxonomy":"product_cat","embeddable":true,"href":"https:\/\/fantaisiescaninfelin.com\/index.php?rest_route=%2Fwp%2Fv2%2Fproduct_cat&post=657"},{"taxonomy":"product_tag","embeddable":true,"href":"https:\/\/fantaisiescaninfelin.com\/index.php?rest_route=%2Fwp%2Fv2%2Fproduct_tag&post=657"}],"curies":[{"name":"wp","href":"https:\/\/api.w.org\/{rel}","templated":true}]}}