{"id":662,"date":"2024-09-16T01:11:16","date_gmt":"2024-09-16T01:11:16","guid":{"rendered":"https:\/\/fantaisies:8890\/?post_type=product&#038;p=662"},"modified":"2025-11-11T13:14:22","modified_gmt":"2025-11-11T18:14:22","slug":"go-sensitivities-a-lagneau-sans-grains-2","status":"publish","type":"product","link":"https:\/\/fantaisiescaninfelin.com\/?product=go-sensitivities-a-lagneau-sans-grains-2","title":{"rendered":"Go! Sensitivities \u00e0 l\u2019agneau sans grains"},"content":{"rendered":"<p><span style=\"font-family: Gotham, sans-serif;font-size: 16px;font-style: normal;font-weight: 400;letter-spacing: normal;text-align: start;text-indent: 0px;text-transform: none;text-decoration: none;float: none\">Une nutrition \u00e9quilibr\u00e9e pour soutenir les chiens ayant des sensibilit\u00e9s alimentaires, cette d\u00e9licieuse recette Go! Solutions \u00e0 ingr\u00e9dients limit\u00e9s utilise de l\u2019agneau de qualit\u00e9 sup\u00e9rieure nourri \u00e0 l\u2019herbe comme source unique de prot\u00e9ines animales avec des fibres pr\u00e9biotiques pour les estomacs sensibles.<\/span><\/p>\n<p><span style=\"font-family: Gotham, sans-serif;font-size: 16px;font-style: normal;font-weight: 400;letter-spacing: normal;text-align: start;text-indent: 0px;text-transform: none;text-decoration: none;float: none\"><\/span><\/p>\n<p><span style=\"font-family: Gotham, sans-serif;font-size: 16px;font-style: normal;font-weight: 400;letter-spacing: normal;text-align: start;text-indent: 0px;text-transform: none;text-decoration: none;float: none\">Disponible en sac de 3,5lbs et <\/span>22lbs<\/p>\n<p>Produit fi\u00e8rement canadien.<\/p>\n","protected":false},"excerpt":{"rendered":"<p>Une nutrition \u00e9quilibr\u00e9e pour soutenir les chiens ayant des sensibilit\u00e9s alimentaires, cette d\u00e9licieuse recette Go! Solutions \u00e0 ingr\u00e9dients limit\u00e9s utilise&#8230;<\/p>\n","protected":false},"featured_media":149,"comment_status":"open","ping_status":"closed","template":"","meta":{"advanced_seo_description":"","jetpack_seo_html_title":"","jetpack_seo_noindex":false},"product_brand":[],"product_cat":[26,27,16],"product_tag":[],"class_list":{"0":"post-662","1":"product","2":"type-product","3":"status-publish","4":"has-post-thumbnail","6":"product_cat-go-solution","7":"product_cat-non-classe","8":"product_cat-nourriture","10":"first","11":"instock","12":"taxable","13":"shipping-taxable","14":"purchasable","15":"product-type-variable","16":"has-default-attributes"},"jetpack_sharing_enabled":true,"_links":{"self":[{"href":"https:\/\/fantaisiescaninfelin.com\/index.php?rest_route=\/wp\/v2\/product\/662","targetHints":{"allow":["GET"]}}],"collection":[{"href":"https:\/\/fantaisiescaninfelin.com\/index.php?rest_route=\/wp\/v2\/product"}],"about":[{"href":"https:\/\/fantaisiescaninfelin.com\/index.php?rest_route=\/wp\/v2\/types\/product"}],"replies":[{"embeddable":true,"href":"https:\/\/fantaisiescaninfelin.com\/index.php?rest_route=%2Fwp%2Fv2%2Fcomments&post=662"}],"wp:featuredmedia":[{"embeddable":true,"href":"https:\/\/fantaisiescaninfelin.com\/index.php?rest_route=\/wp\/v2\/media\/149"}],"wp:attachment":[{"href":"https:\/\/fantaisiescaninfelin.com\/index.php?rest_route=%2Fwp%2Fv2%2Fmedia&parent=662"}],"wp:term":[{"taxonomy":"product_brand","embeddable":true,"href":"https:\/\/fantaisiescaninfelin.com\/index.php?rest_route=%2Fwp%2Fv2%2Fproduct_brand&post=662"},{"taxonomy":"product_cat","embeddable":true,"href":"https:\/\/fantaisiescaninfelin.com\/index.php?rest_route=%2Fwp%2Fv2%2Fproduct_cat&post=662"},{"taxonomy":"product_tag","embeddable":true,"href":"https:\/\/fantaisiescaninfelin.com\/index.php?rest_route=%2Fwp%2Fv2%2Fproduct_tag&post=662"}],"curies":[{"name":"wp","href":"https:\/\/api.w.org\/{rel}","templated":true}]}}