{"id":843,"date":"2024-09-15T21:18:43","date_gmt":"2024-09-16T01:18:43","guid":{"rendered":"https:\/\/fantaisies:8890\/?post_type=product&#038;p=843"},"modified":"2025-02-07T18:31:35","modified_gmt":"2025-02-07T23:31:35","slug":"skouts-honor-vaporisant-soulagement-les-demangeaisons-sur-les-pattes","status":"publish","type":"product","link":"https:\/\/fantaisiescaninfelin.com\/?product=skouts-honor-vaporisant-soulagement-les-demangeaisons-sur-les-pattes","title":{"rendered":"Skout\u2019s Honor vaporisant soulagement les d\u00e9mangeaisons sur les pattes"},"content":{"rendered":"<p>Ce vaporisant au probiotique va calmer, apaiser et hydrater la peau irrit\u00e9e et d\u00e9mangeante avec un soulagement durable .<\/p>\n<pre class=\"tw-data-text tw-text-large tw-ta\" data-placeholder=\"Traduction\" id=\"tw-target-text\" aria-label=\"Texte traduit\" data-ved=\"2ahUKEwiMmIKVjbeIAxX3GlkFHdN6HvgQ3ewLegQIBxAU\" dir=\"ltr\" style=\"font-size: 28px;line-height: 36px;background-color: transparent;border: none;padding: 2px 0.14em 2px 0px;position: relative;margin: -2px 0px;font-family: inherit;overflow: hidden;text-align: left;width: 270px;font-style: normal;font-weight: 400;letter-spacing: normal;text-indent: 0px;text-transform: none;text-decoration: none\"><span class=\"Y2IQFc\" lang=\"fr\">Pourquoi des probiotiques ?<\/span>\u2029<span class=\"Y2IQFc\" lang=\"fr\">Les bonnes bact\u00e9ries servent de d\u00e9fense naturelle contre les dommages environnementaux et l\u2019inflammation g\u00e9n\u00e9ralement associ\u00e9s \u00e0 une excr\u00e9tion excessive, des d\u00e9mangeaisons, une s\u00e9cheresse, une infection et une odeur. Lorsqu\u2019ils sont appliqu\u00e9s sur la peau, les probiotiques soutiennent les bonnes bact\u00e9ries qui calment naturellement l\u2019inflammation et emp\u00eachent les mauvaises bact\u00e9ries de prendre le dessus.<\/span><\/pre>\n<p>On vous recommande ce produit pour tous les chiens qui d\u00e9mangent leur pattes surtout en haute saison d&rsquo;allergies saisonni\u00e8res<\/p>\n<p>Format 236 ml<\/p>\n<p>Produit fabriqu\u00e9 aux \u00c9tats Unis<\/p>\n","protected":false},"excerpt":{"rendered":"<p>Ce vaporisant au probiotique va calmer, apaiser et hydrater la peau irrit\u00e9e et d\u00e9mangeante avec un soulagement durable . Pourquoi&#8230;<\/p>\n","protected":false},"featured_media":844,"comment_status":"open","ping_status":"closed","template":"","meta":{"advanced_seo_description":"","jetpack_seo_html_title":"","jetpack_seo_noindex":false},"product_brand":[],"product_cat":[22,27,28],"product_tag":[42],"class_list":{"0":"post-843","1":"product","2":"type-product","3":"status-publish","4":"has-post-thumbnail","6":"product_cat-inconfort-quotidiens","7":"product_cat-non-classe","8":"product_cat-peau-pelage","9":"product_tag-scarlet","11":"first","12":"outofstock","13":"taxable","14":"shipping-taxable","15":"purchasable","16":"product-type-simple"},"jetpack_sharing_enabled":true,"_links":{"self":[{"href":"https:\/\/fantaisiescaninfelin.com\/index.php?rest_route=\/wp\/v2\/product\/843","targetHints":{"allow":["GET"]}}],"collection":[{"href":"https:\/\/fantaisiescaninfelin.com\/index.php?rest_route=\/wp\/v2\/product"}],"about":[{"href":"https:\/\/fantaisiescaninfelin.com\/index.php?rest_route=\/wp\/v2\/types\/product"}],"replies":[{"embeddable":true,"href":"https:\/\/fantaisiescaninfelin.com\/index.php?rest_route=%2Fwp%2Fv2%2Fcomments&post=843"}],"wp:featuredmedia":[{"embeddable":true,"href":"https:\/\/fantaisiescaninfelin.com\/index.php?rest_route=\/wp\/v2\/media\/844"}],"wp:attachment":[{"href":"https:\/\/fantaisiescaninfelin.com\/index.php?rest_route=%2Fwp%2Fv2%2Fmedia&parent=843"}],"wp:term":[{"taxonomy":"product_brand","embeddable":true,"href":"https:\/\/fantaisiescaninfelin.com\/index.php?rest_route=%2Fwp%2Fv2%2Fproduct_brand&post=843"},{"taxonomy":"product_cat","embeddable":true,"href":"https:\/\/fantaisiescaninfelin.com\/index.php?rest_route=%2Fwp%2Fv2%2Fproduct_cat&post=843"},{"taxonomy":"product_tag","embeddable":true,"href":"https:\/\/fantaisiescaninfelin.com\/index.php?rest_route=%2Fwp%2Fv2%2Fproduct_tag&post=843"}],"curies":[{"name":"wp","href":"https:\/\/api.w.org\/{rel}","templated":true}]}}