{"id":96,"date":"2024-09-03T08:36:25","date_gmt":"2024-09-03T12:36:25","guid":{"rendered":"https:\/\/fantaisies:8890\/?post_type=product&#038;p=96"},"modified":"2025-10-24T17:57:14","modified_gmt":"2025-10-24T21:57:14","slug":"nutram-gaterie-dentaire-digestive","status":"publish","type":"product","link":"https:\/\/fantaisiescaninfelin.com\/?product=nutram-gaterie-dentaire-digestive","title":{"rendered":"Nutram g\u00e2terie dentaire digestive"},"content":{"rendered":"<p>Les b\u00e2tonnets dentaires Combinaisons Optimales\u2122 de Nutram sont des g\u00e2teries fonctionnelles offrant une solution enti\u00e8rement naturelle pour l&rsquo;hygi\u00e8ne dentaire.<\/p>\n<p>Les g\u00e2teries\u00a0Digestive+ dentaire de Nutram\u00a0favorisent un environnement optimal pour les estomacs sensibles.\u00a0L\u2019agneau, une source de prot\u00e9ines faciles \u00e0 dig\u00e9rer, ainsi que la citrouille, riche en fibres naturelles, cr\u00e9ent un milieu optimal favorisant un bonne digestion.<\/p>\n<p>Produit fi\u00e8rement canadien.<\/p>\n","protected":false},"excerpt":{"rendered":"<p>Les b\u00e2tonnets dentaires Combinaisons Optimales\u2122 de Nutram sont des g\u00e2teries fonctionnelles offrant une solution enti\u00e8rement naturelle pour l&rsquo;hygi\u00e8ne dentaire. Les&#8230;<\/p>\n","protected":false},"featured_media":141,"comment_status":"open","ping_status":"closed","template":"","meta":{"advanced_seo_description":"","jetpack_seo_html_title":"","jetpack_seo_noindex":false},"product_brand":[],"product_cat":[21,23,19],"product_tag":[42],"class_list":{"0":"post-96","1":"product","2":"type-product","3":"status-publish","4":"has-post-thumbnail","6":"product_cat-dentition-pawfaite","7":"product_cat-digestion","8":"product_cat-nutram","9":"product_tag-scarlet","11":"first","12":"instock","13":"taxable","14":"shipping-taxable","15":"purchasable","16":"product-type-variable"},"jetpack_sharing_enabled":true,"_links":{"self":[{"href":"https:\/\/fantaisiescaninfelin.com\/index.php?rest_route=\/wp\/v2\/product\/96","targetHints":{"allow":["GET"]}}],"collection":[{"href":"https:\/\/fantaisiescaninfelin.com\/index.php?rest_route=\/wp\/v2\/product"}],"about":[{"href":"https:\/\/fantaisiescaninfelin.com\/index.php?rest_route=\/wp\/v2\/types\/product"}],"replies":[{"embeddable":true,"href":"https:\/\/fantaisiescaninfelin.com\/index.php?rest_route=%2Fwp%2Fv2%2Fcomments&post=96"}],"wp:featuredmedia":[{"embeddable":true,"href":"https:\/\/fantaisiescaninfelin.com\/index.php?rest_route=\/wp\/v2\/media\/141"}],"wp:attachment":[{"href":"https:\/\/fantaisiescaninfelin.com\/index.php?rest_route=%2Fwp%2Fv2%2Fmedia&parent=96"}],"wp:term":[{"taxonomy":"product_brand","embeddable":true,"href":"https:\/\/fantaisiescaninfelin.com\/index.php?rest_route=%2Fwp%2Fv2%2Fproduct_brand&post=96"},{"taxonomy":"product_cat","embeddable":true,"href":"https:\/\/fantaisiescaninfelin.com\/index.php?rest_route=%2Fwp%2Fv2%2Fproduct_cat&post=96"},{"taxonomy":"product_tag","embeddable":true,"href":"https:\/\/fantaisiescaninfelin.com\/index.php?rest_route=%2Fwp%2Fv2%2Fproduct_tag&post=96"}],"curies":[{"name":"wp","href":"https:\/\/api.w.org\/{rel}","templated":true}]}}